{"id":77,"date":"2013-07-02T13:13:04","date_gmt":"2013-07-02T13:13:04","guid":{"rendered":"http:\/\/cri2.com\/web\/?page_id=77"},"modified":"2020-10-15T14:46:39","modified_gmt":"2020-10-15T12:46:39","slug":"equipos","status":"publish","type":"page","link":"https:\/\/www.cri2.com\/web\/instalaciones\/equipos\/","title":{"rendered":"Equipos"},"content":{"rendered":"<h2><strong>Equipos Inform\u00e1ticos<\/strong><\/h2>\n<p>Suministramos y personalizamos cualquier equipo inform\u00e1tico que necesite.<\/p>\n<p>Trabajamos con marcas reconocidas en port\u00e1tiles, tablets, pc&#8217;s, servidores, routers, switch&#8217;s, P.A., monitores, escaners, y perif\u00e9ricos en general.<\/p>\n<p>P\u00eddanos una oferta.<\/p>\n<h2><strong>Si busca un equipo estandar..<\/strong><\/h2>\n<p>Dese una vuelta por nuestra amplia oferta!<\/p>\n<p><a href=\"http:\/\/www.ofertatablet.com\/es\/6-ordenadores\" target=\"_blank\" rel=\"noopener noreferrer\"><img loading=\"lazy\" decoding=\"async\" class=\"alignnone wp-image-232\" src=\"https:\/\/www.cri2.com\/web\/wp-content\/uploads\/2013\/07\/OTablet270.png\" alt=\"Oferta Tablet\" width=\"103\" height=\"95\" \/><\/a><\/p>\n<h2><strong>Impresi\u00f3n:<\/strong><\/h2>\n<p>Suministramos <strong>recambios<\/strong> originales y reciclados para su impresora<\/p>\n<p><strong>Coste por copia<\/strong>. pague por lo que consume y olv\u00eddese de mantenimiento.<\/p>\n\n\n<p><\/p>\n","protected":false},"excerpt":{"rendered":"<p>Equipos Inform\u00e1ticos Suministramos y personalizamos cualquier equipo inform\u00e1tico que necesite. Trabajamos con marcas reconocidas en port\u00e1tiles, tablets, pc&#8217;s, servidores, routers, switch&#8217;s, P.A., monitores, escaners, y perif\u00e9ricos en general. P\u00eddanos una oferta. Si busca un equipo estandar.. Dese una vuelta por nuestra amplia oferta! Impresi\u00f3n: Suministramos recambios originales y reciclados para su impresora Coste por copia. [&hellip;]<\/p>\n","protected":false},"author":1,"featured_media":0,"parent":72,"menu_order":1,"comment_status":"closed","ping_status":"closed","template":"","meta":{"footnotes":""},"class_list":["post-77","page","type-page","status-publish","czr-hentry"],"aioseo_notices":[],"_links":{"self":[{"href":"https:\/\/www.cri2.com\/web\/wp-json\/wp\/v2\/pages\/77","targetHints":{"allow":["GET"]}}],"collection":[{"href":"https:\/\/www.cri2.com\/web\/wp-json\/wp\/v2\/pages"}],"about":[{"href":"https:\/\/www.cri2.com\/web\/wp-json\/wp\/v2\/types\/page"}],"author":[{"embeddable":true,"href":"https:\/\/www.cri2.com\/web\/wp-json\/wp\/v2\/users\/1"}],"replies":[{"embeddable":true,"href":"https:\/\/www.cri2.com\/web\/wp-json\/wp\/v2\/comments?post=77"}],"version-history":[{"count":8,"href":"https:\/\/www.cri2.com\/web\/wp-json\/wp\/v2\/pages\/77\/revisions"}],"predecessor-version":[{"id":380,"href":"https:\/\/www.cri2.com\/web\/wp-json\/wp\/v2\/pages\/77\/revisions\/380"}],"up":[{"embeddable":true,"href":"https:\/\/www.cri2.com\/web\/wp-json\/wp\/v2\/pages\/72"}],"wp:attachment":[{"href":"https:\/\/www.cri2.com\/web\/wp-json\/wp\/v2\/media?parent=77"}],"curies":[{"name":"wp","href":"https:\/\/api.w.org\/{rel}","templated":true}]}}